{"id":83,"date":"2020-01-02T20:19:29","date_gmt":"2020-01-02T19:19:29","guid":{"rendered":"http:\/\/archiz.info\/?page_id=83"},"modified":"2020-01-05T21:08:06","modified_gmt":"2020-01-05T20:08:06","slug":"projektpartner-und-foerderer","status":"publish","type":"page","link":"https:\/\/archiz.info\/?page_id=83","title":{"rendered":"Projektpartner und -f\u00f6rderer \/ Partneret e projektit dhe suporter"},"content":{"rendered":"\n<figure class=\"wp-block-image size-large is-resized\"><img loading=\"lazy\" decoding=\"async\" src=\"http:\/\/archiz.info\/wp-content\/uploads\/2020\/01\/Logo-GU.tif\" alt=\"\" class=\"wp-image-92\" width=\"380\" height=\"207\"\/><figcaption><strong>Institut f\u00fcr Arch\u00e4ologische Wissenschaften, Abt. II<br>Norbert-Wollheim-Platz 1, Fach 27<br>D &#8211; 60629 Frankfurt am Main<\/strong><br><br><strong>Vereinigung von Freunden und F\u00f6rderern der Johann Wolfgang Goethe-Universit\u00e4t<br>Campus Westend, PA-Geb\u00e4ude<br>Theodor-W.-Adorno-Platz 1&nbsp;<br>D &#8211; 60629 Frankfurt am Main <\/strong><br><br><\/figcaption><\/figure>\n\n\n\n<figure class=\"wp-block-image size-large is-resized\"><img loading=\"lazy\" decoding=\"async\" src=\"http:\/\/archiz.info\/wp-content\/uploads\/2020\/01\/Logo-ASA.jpg\" alt=\"\" class=\"wp-image-93\" width=\"228\" height=\"205\"\/><figcaption><strong>Instituti i Arkeologjise, Sheshi &#8222;Nene Tereza&#8220; No. 3, Tirana, Albanien<\/strong><br><br><\/figcaption><\/figure>\n\n\n\n<figure class=\"wp-block-image size-large is-resized\"><img loading=\"lazy\" decoding=\"async\" src=\"http:\/\/archiz.info\/wp-content\/uploads\/2020\/01\/\u2022FTS-Logo-1024x498.jpg\" alt=\"\" class=\"wp-image-94\" width=\"473\" height=\"230\" srcset=\"https:\/\/archiz.info\/wp-content\/uploads\/2020\/01\/\u2022FTS-Logo-1024x498.jpg 1024w, https:\/\/archiz.info\/wp-content\/uploads\/2020\/01\/\u2022FTS-Logo-300x146.jpg 300w, https:\/\/archiz.info\/wp-content\/uploads\/2020\/01\/\u2022FTS-Logo-768x373.jpg 768w, https:\/\/archiz.info\/wp-content\/uploads\/2020\/01\/\u2022FTS-Logo-1536x747.jpg 1536w, https:\/\/archiz.info\/wp-content\/uploads\/2020\/01\/\u2022FTS-Logo.jpg 1938w\" sizes=\"auto, (max-width: 473px) 100vw, 473px\" \/><figcaption><strong>Fritz Thyssen-Stiftung<br>Apostelnkloster 13-15, D &#8211; 50672 K\u00f6ln<\/strong><\/figcaption><\/figure>\n\n\n\n<p><\/p>\n","protected":false},"excerpt":{"rendered":"","protected":false},"author":1,"featured_media":0,"parent":0,"menu_order":0,"comment_status":"closed","ping_status":"closed","template":"","meta":{"footnotes":""},"class_list":["post-83","page","type-page","status-publish","hentry"],"_links":{"self":[{"href":"https:\/\/archiz.info\/index.php?rest_route=\/wp\/v2\/pages\/83","targetHints":{"allow":["GET"]}}],"collection":[{"href":"https:\/\/archiz.info\/index.php?rest_route=\/wp\/v2\/pages"}],"about":[{"href":"https:\/\/archiz.info\/index.php?rest_route=\/wp\/v2\/types\/page"}],"author":[{"embeddable":true,"href":"https:\/\/archiz.info\/index.php?rest_route=\/wp\/v2\/users\/1"}],"replies":[{"embeddable":true,"href":"https:\/\/archiz.info\/index.php?rest_route=%2Fwp%2Fv2%2Fcomments&post=83"}],"version-history":[{"count":5,"href":"https:\/\/archiz.info\/index.php?rest_route=\/wp\/v2\/pages\/83\/revisions"}],"predecessor-version":[{"id":253,"href":"https:\/\/archiz.info\/index.php?rest_route=\/wp\/v2\/pages\/83\/revisions\/253"}],"wp:attachment":[{"href":"https:\/\/archiz.info\/index.php?rest_route=%2Fwp%2Fv2%2Fmedia&parent=83"}],"curies":[{"name":"wp","href":"https:\/\/api.w.org\/{rel}","templated":true}]}}

Projektpartner und -förderer / Partneret e projektit dhe suporter

<figure class="wp-block-image size-large is-resized"><img loading="lazy" decoding="async" src="http://archiz.info/wp-content/uploads/2020/01/Logo-GU.tif" alt="" class="wp-image-92" width="380" height="207"/><figcaption><strong>Institut für Archäologische Wissenschaften, Abt. II<br>Norbert-Wollheim-Platz 1, Fach 27<br>D &#8211; 60629 Frankfurt am Main</strong><br><br><strong>Vereinigung von Freunden und Förderern der Johann Wolfgang Goethe-Universität<br>Campus Westend, PA-Gebäude<br>Theodor-W.-Adorno-Platz 1&nbsp;<br>D &#8211; 60629 Frankfurt am Main </strong><br><br></figcaption></figure>



<figure class="wp-block-image size-large is-resized"><img loading="lazy" decoding="async" src="http://archiz.info/wp-content/uploads/2020/01/Logo-ASA.jpg" alt="" class="wp-image-93" width="228" height="205"/><figcaption><strong>Instituti i Arkeologjise, Sheshi &#8222;Nene Tereza&#8220; No. 3, Tirana, Albanien</strong><br><br></figcaption></figure>



<figure class="wp-block-image size-large is-resized"><img loading="lazy" decoding="async" src="http://archiz.info/wp-content/uploads/2020/01/•FTS-Logo-1024x498.jpg" alt="" class="wp-image-94" width="473" height="230" srcset="https://archiz.info/wp-content/uploads/2020/01/•FTS-Logo-1024x498.jpg 1024w, https://archiz.info/wp-content/uploads/2020/01/•FTS-Logo-300x146.jpg 300w, https://archiz.info/wp-content/uploads/2020/01/•FTS-Logo-768x373.jpg 768w, https://archiz.info/wp-content/uploads/2020/01/•FTS-Logo-1536x747.jpg 1536w, https://archiz.info/wp-content/uploads/2020/01/•FTS-Logo.jpg 1938w" sizes="auto, (max-width: 473px) 100vw, 473px" /><figcaption><strong>Fritz Thyssen-Stiftung<br>Apostelnkloster 13-15, D &#8211; 50672 Köln</strong></figcaption></figure>



<p></p>
